{"id":317,"date":"2023-07-20T15:58:57","date_gmt":"2023-07-20T13:58:57","guid":{"rendered":"https:\/\/kresnice.si\/?page_id=317"},"modified":"2023-07-20T16:18:33","modified_gmt":"2023-07-20T14:18:33","slug":"pgd-kresnice","status":"publish","type":"page","link":"https:\/\/kresnice.si\/?page_id=317","title":{"rendered":"PGD KRESNICE"},"content":{"rendered":"\n<p>Osnovne informacije in kontakti:<\/p>\n\n\n\n<p>Prostovoljno gasilsko dru\u0161tvo KRESNICE<\/p>\n\n\n\n<p>Kresnice 34, 1281 Kresnice<\/p>\n\n\n\n<p>e-po\u0161ta: <a href=\"mailto:pgdkresnice@gmail.com\">pgdkresnice@gmail.com<\/a><\/p>\n\n\n\n<p>Facebook: <a href=\"https:\/\/www.facebook.com\/pgdkresnice\">https:\/\/www.facebook.com\/pgdkresnice<\/a><\/p>\n\n\n\n<p>dav\u010dna \u0161tevilka: 58452559<\/p>\n\n\n\n<p>transakcijski ra\u010dun: SI56&nbsp; 6100 0001 0687 807<\/p>\n\n\n\n<ul class=\"wp-block-list\">\n<li><strong>predsednik dru\u0161tva: Robert \u0160trubelj \u2013 051 374 346<\/strong><\/li>\n\n\n\n<li><strong>poveljnik dru\u0161tva: Jan Lenart \u2013 031 207 159<\/strong><\/li>\n<\/ul>\n\n\n\n<figure class=\"wp-block-image size-full\"><img loading=\"lazy\" decoding=\"async\" width=\"123\" height=\"81\" src=\"https:\/\/kresnice.si\/wp-content\/uploads\/2023\/07\/Picture2.png\" alt=\"\" class=\"wp-image-326\"\/><\/figure>\n\n\n\n<p><strong><em>Iz zgodovine dru\u0161tva<\/em><\/strong><\/p>\n\n\n\n<p><strong><em>Prostovoljno gasilsko dru\u0161tvo (PGD) Kresnice je bilo ustanovljeno 1928, povod za njegovo ustanovitev pa je bil obse\u017een po\u017ear na Flegarjevi doma\u010diji leta 1925. Za svoje delovanje so si gasilci ob ustanovitvi postavili zasilno lopo, v kateri so shranjevali gasilsko orodje. Leta 1931 so pri\u010deli z gradnjo gasilskega doma, ki je bil dograjen naslednje leto. Dobrih pet desetletij kasneje, leta 1982 je bilo ustanovljeno tudi dru\u0161tvo \u00bbMladi gasilec\u00ab.<\/em><\/strong><\/p>\n\n\n\n<p><strong><em>Gasilsko dru\u0161tvo je vse od svoje ustanovitve sledilo svojemu temeljnemu poslanstvu \u2013 pomo\u010d so\u010dloveku, ki je v stiski ali te\u017eavah in potrebuje nesebi\u010dno pomo\u010d in to se ni spremenilo do danes.<\/em><\/strong><\/p>\n\n\n\n<figure class=\"wp-block-image size-full\"><img loading=\"lazy\" decoding=\"async\" width=\"748\" height=\"499\" src=\"https:\/\/kresnice.si\/wp-content\/uploads\/2023\/07\/Picture1.jpg\" alt=\"\" class=\"wp-image-322\" srcset=\"https:\/\/kresnice.si\/wp-content\/uploads\/2023\/07\/Picture1.jpg 748w, https:\/\/kresnice.si\/wp-content\/uploads\/2023\/07\/Picture1-300x200.jpg 300w, https:\/\/kresnice.si\/wp-content\/uploads\/2023\/07\/Picture1-360x240.jpg 360w\" sizes=\"auto, (max-width: 748px) 100vw, 748px\" \/><\/figure>\n\n\n\n<p><strong>\u010clani PGD Kresnice ob praznovanju 90-letnice dru\u0161tva.<\/strong><\/p>\n\n\n\n<p><strong><em>PGD Kresnice danes<\/em><\/strong><strong><\/strong><\/p>\n\n\n\n<p><strong>V okviru dru\u0161tva delujejo posamezne skupine:<\/strong><\/p>\n\n\n\n<p><strong><br>\u010cLANI: Gonilna sila dru\u0161tva so operativni gasilci, ki se ob klicu na pomo\u010d brez pomislekov in zadr\u017ekov ter kljub ogro\u017eenosti svojega zdravja ali \u017eivljenja nemudoma odzovejo in odhitijo na intervencijo. Skrbijo tudi za redno vzdr\u017eevanje opreme in gasilskih vozil, redne prenove in vzdr\u017eevanje gasilskega doma, ipd. Udele\u017eujejo se tudi razli\u010dnih tekmovanj ter usposabljanj in izobra\u017eevanj. Redna sre\u010danja operativnih gasilce potekajo ob torkih ob 20. uri. Prvo nedeljo v mesecu izvedejo preverjanje gasilskih zvez. &nbsp;<\/strong><\/p>\n\n\n\n<p><strong>\u010cLANICE: V zadnjih letih so \u010dlanice aktivneje pristopile v gasilske vrste, predvsem na podro\u010dju tekmovanj, dela z gasilsko mladino, vklju\u010dujejo pa se tudi v nekatere druge aktivnosti dru\u0161tva, v skladu s svojimi zmo\u017enostmi.<\/strong><\/p>\n\n\n\n<p><strong>MLADI: V gasilsko dru\u0161tvo se v velikem \u0161tevilu vklju\u010dujejo tudi mladi gasilci. Poleg usposabljanja za pridobitev gasilskih priznanj in zna\u010dk ter priprav na najrazli\u010dnej\u0161a tekmovanja, je pomembno tudi dru\u017eenje in kvalitetno pre\u017eivljanje prostega \u010dasa na\u0161ih otrok in mladine. Redne gasilske vaje za mlade gasilce potekajo ob petkih ob 18. uri. Vabljeni, da se nam pridru\u017eijo novi mladi gasilci.<\/strong><\/p>\n\n\n\n<p><strong>VETERANI: Starej\u0161i \u010dlani prisko\u010dijo na pomo\u010d pri vseh aktivnostih v dru\u0161tvu, navadno poskrbijo za varovanje otrok v prvih \u0161olskih dneh v okolici \u0161ole. Udele\u017eujejo se gasilskih tekmovanj, sodelujejo pa tudi pri prevozu in razdeljevanju paketov Rde\u010dega kri\u017ea.<\/strong><\/p>\n\n\n\n<p><strong><em>Na\u0161e najprepoznavnej\u0161e aktivnosti<\/em><\/strong><\/p>\n\n\n\n<ul class=\"wp-block-list\">\n<li><strong>POSREDOVANJE OB PO\u017dARIH, NARAVNIH IN DRUGIH NESRE\u010cAH &#8211; INTERVENCIJE<\/strong><\/li>\n\n\n\n<li><strong>IZOBRA\u017dEVANJA IN USPOSABLJANJA<\/strong><\/li>\n\n\n\n<li><strong>TEKMOVANJA<\/strong><\/li>\n\n\n\n<li><strong>SODELOVANJE S KS KRESNICE IN DRUGIMI ORGANIZACIJAMI\/DRU\u0160TVI V KRAJU<\/strong><\/li>\n\n\n\n<li><strong>DRUGE AKTIVNOSTI (npr. prevoz vode, izposoja gasilskih kompletov (mize in klopi) in \u0161otora, ipd.)<\/strong><\/li>\n<\/ul>\n","protected":false},"excerpt":{"rendered":"<p>Osnovne informacije in kontakti: Prostovoljno gasilsko dru\u0161tvo KRESNICE Kresnice 34, 1281 Kresnice e-po\u0161ta: pgdkresnice@gmail.com Facebook: https:\/\/www.facebook.com\/pgdkresnice dav\u010dna \u0161tevilka: 58452559 transakcijski ra\u010dun: SI56&nbsp; 6100 0001 0687 807 Iz zgodovine dru\u0161tva Prostovoljno gasilsko dru\u0161tvo (PGD) Kresnice je bilo ustanovljeno 1928, povod za njegovo ustanovitev pa je bil obse\u017een po\u017ear na Flegarjevi doma\u010diji [&hellip;]<\/p>\n","protected":false},"author":1,"featured_media":0,"parent":0,"menu_order":0,"comment_status":"closed","ping_status":"closed","template":"","meta":{"footnotes":""},"class_list":["post-317","page","type-page","status-publish","hentry"],"_links":{"self":[{"href":"https:\/\/kresnice.si\/index.php?rest_route=\/wp\/v2\/pages\/317","targetHints":{"allow":["GET"]}}],"collection":[{"href":"https:\/\/kresnice.si\/index.php?rest_route=\/wp\/v2\/pages"}],"about":[{"href":"https:\/\/kresnice.si\/index.php?rest_route=\/wp\/v2\/types\/page"}],"author":[{"embeddable":true,"href":"https:\/\/kresnice.si\/index.php?rest_route=\/wp\/v2\/users\/1"}],"replies":[{"embeddable":true,"href":"https:\/\/kresnice.si\/index.php?rest_route=%2Fwp%2Fv2%2Fcomments&post=317"}],"version-history":[{"count":6,"href":"https:\/\/kresnice.si\/index.php?rest_route=\/wp\/v2\/pages\/317\/revisions"}],"predecessor-version":[{"id":333,"href":"https:\/\/kresnice.si\/index.php?rest_route=\/wp\/v2\/pages\/317\/revisions\/333"}],"wp:attachment":[{"href":"https:\/\/kresnice.si\/index.php?rest_route=%2Fwp%2Fv2%2Fmedia&parent=317"}],"curies":[{"name":"wp","href":"https:\/\/api.w.org\/{rel}","templated":true}]}}