{"id":286,"date":"2022-10-31T20:34:00","date_gmt":"2022-10-31T19:34:00","guid":{"rendered":"https:\/\/kresnice.si\/?page_id=286"},"modified":"2023-04-21T15:41:01","modified_gmt":"2023-04-21T13:41:01","slug":"pokopalisce","status":"publish","type":"page","link":"https:\/\/kresnice.si\/?page_id=286","title":{"rendered":"POKOPALI\u0160\u010cE"},"content":{"rendered":"<p>Iskalnik grobov na pokopali\u0161\u010du Kresnice<\/p>\n<p>Klikni na &#8212;&gt; &nbsp; &nbsp;<a href=\"https:\/\/gis.ksp-litija.si\/kiosk.htm?pokopalisce=kresnice\" target=\"_blank\" rel=\"noopener\">ISKALNIK<\/a><\/p>\n\n\n<div data-wp-interactive=\"core\/file\" class=\"wp-block-file aligncenter\"><object data-wp-bind--hidden=\"!state.hasPdfPreview\" hidden class=\"wp-block-file__embed\" data=\"https:\/\/kresnice.si\/wp-content\/uploads\/2023\/04\/POKOPALISCE-KRESNICE-PREDSTAVITEV.pdf\" type=\"application\/pdf\" style=\"width:100%;height:600px\" aria-label=\"Embed of POKOPALI\u0160\u010cE KRESNICE PREDSTAVITEV.\"><\/object><a id=\"wp-block-file--media-88bed084-0642-4202-8e6e-945ce10f6f84\" href=\"https:\/\/kresnice.si\/wp-content\/uploads\/2023\/04\/POKOPALISCE-KRESNICE-PREDSTAVITEV.pdf\">POKOPALI\u0160\u010cE KRESNICE PREDSTAVITEV<\/a><a href=\"https:\/\/kresnice.si\/wp-content\/uploads\/2023\/04\/POKOPALISCE-KRESNICE-PREDSTAVITEV.pdf\" class=\"wp-block-file__button wp-element-button\" download aria-describedby=\"wp-block-file--media-88bed084-0642-4202-8e6e-945ce10f6f84\">Download<\/a><\/div>\n","protected":false},"excerpt":{"rendered":"<p>Iskalnik grobov na pokopali\u0161\u010du Kresnice Klikni na &#8212;&gt; &nbsp; &nbsp;ISKALNIK<\/p>\n","protected":false},"author":1,"featured_media":0,"parent":0,"menu_order":0,"comment_status":"closed","ping_status":"closed","template":"","meta":{"footnotes":""},"class_list":["post-286","page","type-page","status-publish","hentry"],"_links":{"self":[{"href":"https:\/\/kresnice.si\/index.php?rest_route=\/wp\/v2\/pages\/286","targetHints":{"allow":["GET"]}}],"collection":[{"href":"https:\/\/kresnice.si\/index.php?rest_route=\/wp\/v2\/pages"}],"about":[{"href":"https:\/\/kresnice.si\/index.php?rest_route=\/wp\/v2\/types\/page"}],"author":[{"embeddable":true,"href":"https:\/\/kresnice.si\/index.php?rest_route=\/wp\/v2\/users\/1"}],"replies":[{"embeddable":true,"href":"https:\/\/kresnice.si\/index.php?rest_route=%2Fwp%2Fv2%2Fcomments&post=286"}],"version-history":[{"count":3,"href":"https:\/\/kresnice.si\/index.php?rest_route=\/wp\/v2\/pages\/286\/revisions"}],"predecessor-version":[{"id":313,"href":"https:\/\/kresnice.si\/index.php?rest_route=\/wp\/v2\/pages\/286\/revisions\/313"}],"wp:attachment":[{"href":"https:\/\/kresnice.si\/index.php?rest_route=%2Fwp%2Fv2%2Fmedia&parent=286"}],"curies":[{"name":"wp","href":"https:\/\/api.w.org\/{rel}","templated":true}]}}